{"id":4111,"date":"2023-09-29T09:37:52","date_gmt":"2023-09-29T14:37:52","guid":{"rendered":"https:\/\/clubdeclasesypolicias.com.ec\/?page_id=4111"},"modified":"2023-10-04T17:33:14","modified_gmt":"2023-10-04T22:33:14","slug":"noticias-2","status":"publish","type":"page","link":"https:\/\/clubdeclasesypolicias.com.ec\/index.php\/noticias-2\/","title":{"rendered":"Noticias"},"content":{"rendered":"\t\t<div data-elementor-type=\"wp-page\" data-elementor-id=\"4111\" class=\"elementor elementor-4111\" data-elementor-post-type=\"page\">\n\t\t\t\t\t\t\t\t\t<section class=\"elementor-section elementor-top-section elementor-element elementor-element-19f6e79 elementor-section-boxed elementor-section-height-default elementor-section-height-default\" data-id=\"19f6e79\" data-element_type=\"section\">\n\t\t\t\t\t\t<div class=\"elementor-container elementor-column-gap-default\">\n\t\t\t\t\t<div class=\"elementor-column elementor-col-100 elementor-top-column elementor-element elementor-element-3b8f355\" data-id=\"3b8f355\" data-element_type=\"column\">\n\t\t\t<div class=\"elementor-widget-wrap elementor-element-populated\">\n\t\t\t\t\t\t\t\t<div class=\"elementor-element elementor-element-a77bf10 elementor-widget elementor-widget-jkit_heading\" data-id=\"a77bf10\" data-element_type=\"widget\" data-widget_type=\"jkit_heading.default\">\n\t\t\t\t<div class=\"elementor-widget-container\">\n\t\t\t<div  class=\"jeg-elementor-kit jkit-heading  align-center align-tablet- align-mobile- jeg_module___69e5b23f48daa\" ><div class=\"heading-section-title  display-inline-block\"><h2 class=\"heading-title\">Noticias<\/h2><\/div><\/div>\t\t<\/div>\n\t\t\t\t<\/div>\n\t\t\t\t\t<\/div>\n\t\t<\/div>\n\t\t\t\t\t\t\t<\/div>\n\t\t<\/section>\n\t\t\t\t<section class=\"elementor-section elementor-top-section elementor-element elementor-element-82d32d4 elementor-section-stretched elementor-section-boxed elementor-section-height-default elementor-section-height-default elementor-invisible\" data-id=\"82d32d4\" data-element_type=\"section\" data-settings=\"{&quot;background_background&quot;:&quot;classic&quot;,&quot;stretch_section&quot;:&quot;section-stretched&quot;,&quot;animation&quot;:&quot;fadeInUp&quot;}\">\n\t\t\t\t\t\t<div class=\"elementor-container elementor-column-gap-default\">\n\t\t\t\t\t<div class=\"elementor-column elementor-col-100 elementor-top-column elementor-element elementor-element-33d5046\" data-id=\"33d5046\" data-element_type=\"column\">\n\t\t\t<div class=\"elementor-widget-wrap elementor-element-populated\">\n\t\t\t\t\t\t\t\t<div class=\"elementor-element elementor-element-2ebe9f3 elementor-widget elementor-widget-jkit_post_block\" data-id=\"2ebe9f3\" data-element_type=\"widget\" data-widget_type=\"jkit_post_block.default\">\n\t\t\t\t<div class=\"elementor-widget-container\">\n\t\t\t<div  class=\"jeg-elementor-kit jkit-postblock postblock-type-3 jkit-pagination-loadmore post-element jeg_module__1_69e5b23f51959\"  data-id=\"jeg_module__1_69e5b23f51959\" data-settings=\"{&quot;post_type&quot;:&quot;post&quot;,&quot;number_post&quot;:{&quot;unit&quot;:&quot;px&quot;,&quot;size&quot;:6,&quot;sizes&quot;:[]},&quot;post_offset&quot;:0,&quot;unique_content&quot;:&quot;disable&quot;,&quot;include_post&quot;:&quot;&quot;,&quot;exclude_post&quot;:&quot;&quot;,&quot;include_category&quot;:&quot;34&quot;,&quot;exclude_category&quot;:&quot;&quot;,&quot;include_author&quot;:&quot;&quot;,&quot;include_tag&quot;:&quot;&quot;,&quot;exclude_tag&quot;:&quot;&quot;,&quot;sort_by&quot;:&quot;latest&quot;,&quot;pagination_mode&quot;:&quot;loadmore&quot;,&quot;pagination_loadmore_text&quot;:&quot;M\\u00e1s Noticias&quot;,&quot;pagination_loading_text&quot;:&quot;Cargando...&quot;,&quot;pagination_number_post&quot;:{&quot;unit&quot;:&quot;px&quot;,&quot;size&quot;:4,&quot;sizes&quot;:[]},&quot;pagination_scroll_limit&quot;:0,&quot;pagination_icon&quot;:{&quot;value&quot;:&quot;&quot;,&quot;library&quot;:&quot;&quot;},&quot;pagination_icon_position&quot;:&quot;before&quot;,&quot;st_category_position&quot;:&quot;left&quot;,&quot;sg_content_postblock_type&quot;:&quot;type-3&quot;,&quot;sg_content_element_order&quot;:&quot;title,meta,excerpt,read&quot;,&quot;sg_content_breakpoint&quot;:&quot;tablet&quot;,&quot;sg_content_title_html_tag&quot;:&quot;h3&quot;,&quot;sg_content_category_enable&quot;:&quot;yes&quot;,&quot;sg_content_excerpt_enable&quot;:&quot;yes&quot;,&quot;sg_content_excerpt_length&quot;:{&quot;unit&quot;:&quot;px&quot;,&quot;size&quot;:19,&quot;sizes&quot;:[]},&quot;sg_content_excerpt_more&quot;:&quot;...&quot;,&quot;sg_content_readmore_enable&quot;:&quot;yes&quot;,&quot;sg_content_readmore_icon&quot;:{&quot;value&quot;:&quot;jki jki-arrow-right-light&quot;,&quot;library&quot;:&quot;jkiticon&quot;},&quot;sg_content_readmore_icon_position&quot;:&quot;after&quot;,&quot;sg_content_readmore_text&quot;:&quot;Leer m\\u00e1s&quot;,&quot;sg_content_comment_enable&quot;:&quot;&quot;,&quot;sg_content_comment_icon&quot;:{&quot;value&quot;:&quot;fas fa-comment&quot;,&quot;library&quot;:&quot;fa-solid&quot;},&quot;sg_content_comment_icon_position&quot;:&quot;before&quot;,&quot;sg_content_meta_enable&quot;:&quot;yes&quot;,&quot;sg_content_meta_author_enable&quot;:&quot;&quot;,&quot;sg_content_meta_author_by_text&quot;:&quot;by&quot;,&quot;sg_content_meta_author_icon&quot;:{&quot;value&quot;:&quot;fas fa-user&quot;,&quot;library&quot;:&quot;fa-solid&quot;},&quot;sg_content_meta_author_icon_position&quot;:&quot;before&quot;,&quot;sg_content_meta_date_enable&quot;:&quot;yes&quot;,&quot;sg_content_meta_date_type&quot;:&quot;published&quot;,&quot;sg_content_meta_date_format&quot;:&quot;default&quot;,&quot;sg_content_meta_date_format_custom&quot;:&quot;F j, Y&quot;,&quot;sg_content_meta_date_icon&quot;:{&quot;value&quot;:&quot;fas fa-clock&quot;,&quot;library&quot;:&quot;fa-solid&quot;},&quot;sg_content_meta_date_icon_position&quot;:&quot;before&quot;,&quot;sg_content_image_size_imagesize_size&quot;:&quot;full&quot;,&quot;paged&quot;:1,&quot;class&quot;:&quot;jkit_post_block&quot;}\"><div class=\"jkit-block-container\"><div class=\"jkit-posts jkit-ajax-flag\">\n            <article class=\"jkit-post post-7889 post type-post status-publish format-standard has-post-thumbnail hentry category-eventos\">\n                    <div class=\"jkit-thumb\"><a href=\"https:\/\/clubdeclasesypolicias.com.ec\/index.php\/asamblea-general-ordinaria-2024\/\"><div class=\"thumbnail-container \">\n            <img fetchpriority=\"high\" decoding=\"async\" width=\"2560\" height=\"1707\" src=\"https:\/\/clubdeclasesypolicias.com.ec\/wp-content\/uploads\/2025\/12\/Directorio-2025-scaled.jpg\" class=\"attachment-full size-full wp-post-image\" alt=\"\" srcset=\"https:\/\/clubdeclasesypolicias.com.ec\/wp-content\/uploads\/2025\/12\/Directorio-2025-scaled.jpg 2560w, https:\/\/clubdeclasesypolicias.com.ec\/wp-content\/uploads\/2025\/12\/Directorio-2025-300x200.jpg 300w, https:\/\/clubdeclasesypolicias.com.ec\/wp-content\/uploads\/2025\/12\/Directorio-2025-1024x683.jpg 1024w, https:\/\/clubdeclasesypolicias.com.ec\/wp-content\/uploads\/2025\/12\/Directorio-2025-768x512.jpg 768w, https:\/\/clubdeclasesypolicias.com.ec\/wp-content\/uploads\/2025\/12\/Directorio-2025-1536x1024.jpg 1536w, https:\/\/clubdeclasesypolicias.com.ec\/wp-content\/uploads\/2025\/12\/Directorio-2025-2048x1365.jpg 2048w\" sizes=\"(max-width: 2560px) 100vw, 2560px\" \/>\n        <\/div><\/a><div class=\"jkit-post-category position-left\"><span><a href=\"https:\/\/clubdeclasesypolicias.com.ec\/index.php\/category\/noticias\/eventos\/\" class=\"category-eventos\">Eventos<\/a><\/span><\/div><\/div>\n                    <div class=\"jkit-postblock-content\"><h3 class=\"jkit-post-title\">\n\t\t\t\t\t\t\t<a href=\"https:\/\/clubdeclasesypolicias.com.ec\/index.php\/asamblea-general-ordinaria-2024\/\">CCP inicia nueva etapa institucional<\/a>\n\t\t\t\t\t\t<\/h3><div class=\"jkit-post-meta\"><div class=\"jkit-meta-date icon-position-before\"><i aria-hidden=\"true\" class=\"fas fa-clock\"><\/i>2024-11-05<\/div><\/div><div class=\"jkit-post-excerpt\"><p>El Club de Clases y Polic\u00edas realiz\u00f3 su Asamblea General Ordinaria y eligi\u00f3 a sus nuevas autoridades 2025\u20132028.<\/p><\/div><div class=\"jkit-post-meta-bottom\">\n\t\t\t\t\t\t\t<div class=\"jkit-meta-readmore icon-position-after\">\n                <a href=\"https:\/\/clubdeclasesypolicias.com.ec\/index.php\/asamblea-general-ordinaria-2024\/\" class=\"jkit-readmore\">Leer m\u00e1s<i aria-hidden=\"true\" class=\"jki jki-arrow-right-light\"><\/i><\/a>\n            <\/div>\n\t\t\t\t\t\t<\/div><\/div>\n                <\/article><article class=\"jkit-post post-5470 post type-post status-publish format-standard has-post-thumbnail hentry category-ayuda-social-noticias category-noticias\">\n                    <div class=\"jkit-thumb\"><a href=\"https:\/\/clubdeclasesypolicias.com.ec\/index.php\/menos-tiempo-en-pagos-por-ayudas\/\"><div class=\"thumbnail-container \">\n            <img decoding=\"async\" width=\"2560\" height=\"1174\" src=\"https:\/\/clubdeclasesypolicias.com.ec\/wp-content\/uploads\/2023\/10\/MANTENIMIENTO.jpg.png-scaled.jpg\" class=\"attachment-full size-full wp-post-image\" alt=\"\" srcset=\"https:\/\/clubdeclasesypolicias.com.ec\/wp-content\/uploads\/2023\/10\/MANTENIMIENTO.jpg.png-scaled.jpg 2560w, https:\/\/clubdeclasesypolicias.com.ec\/wp-content\/uploads\/2023\/10\/MANTENIMIENTO.jpg.png-300x138.jpg 300w, https:\/\/clubdeclasesypolicias.com.ec\/wp-content\/uploads\/2023\/10\/MANTENIMIENTO.jpg.png-1024x470.jpg 1024w, https:\/\/clubdeclasesypolicias.com.ec\/wp-content\/uploads\/2023\/10\/MANTENIMIENTO.jpg.png-768x352.jpg 768w, https:\/\/clubdeclasesypolicias.com.ec\/wp-content\/uploads\/2023\/10\/MANTENIMIENTO.jpg.png-1536x705.jpg 1536w, https:\/\/clubdeclasesypolicias.com.ec\/wp-content\/uploads\/2023\/10\/MANTENIMIENTO.jpg.png-2048x939.jpg 2048w\" sizes=\"(max-width: 2560px) 100vw, 2560px\" \/>\n        <\/div><\/a><div class=\"jkit-post-category position-left\"><span><a href=\"https:\/\/clubdeclasesypolicias.com.ec\/index.php\/category\/noticias\/ayuda-social-noticias\/\" class=\"category-ayuda-social-noticias\">Ayuda Social<\/a><\/span><\/div><\/div>\n                    <div class=\"jkit-postblock-content\"><h3 class=\"jkit-post-title\">\n\t\t\t\t\t\t\t<a href=\"https:\/\/clubdeclasesypolicias.com.ec\/index.php\/menos-tiempo-en-pagos-por-ayudas\/\">Autoridades del CCP supervisan mantenimiento del Complejo Vacacional Esmeralda<\/a>\n\t\t\t\t\t\t<\/h3><div class=\"jkit-post-meta\"><div class=\"jkit-meta-date icon-position-before\"><i aria-hidden=\"true\" class=\"fas fa-clock\"><\/i>2023-10-04<\/div><\/div><div class=\"jkit-post-excerpt\"><p>Autoridades del Club de Clases y Polic\u00edas verificaron los trabajos de mantenimiento ejecutados en el Complejo Vacacional Esmeralda, ubicado...<\/p><\/div><div class=\"jkit-post-meta-bottom\">\n\t\t\t\t\t\t\t<div class=\"jkit-meta-readmore icon-position-after\">\n                <a href=\"https:\/\/clubdeclasesypolicias.com.ec\/index.php\/menos-tiempo-en-pagos-por-ayudas\/\" class=\"jkit-readmore\">Leer m\u00e1s<i aria-hidden=\"true\" class=\"jki jki-arrow-right-light\"><\/i><\/a>\n            <\/div>\n\t\t\t\t\t\t<\/div><\/div>\n                <\/article><article class=\"jkit-post post-5437 post type-post status-publish format-standard has-post-thumbnail hentry category-convenios-noticias category-eventos category-noticias\">\n                    <div class=\"jkit-thumb\"><a href=\"https:\/\/clubdeclasesypolicias.com.ec\/index.php\/convenio-assa\/\"><div class=\"thumbnail-container \">\n            <img decoding=\"async\" width=\"1600\" height=\"846\" src=\"https:\/\/clubdeclasesypolicias.com.ec\/wp-content\/uploads\/2023\/10\/10.jpg\" class=\"attachment-full size-full wp-post-image\" alt=\"\" srcset=\"https:\/\/clubdeclasesypolicias.com.ec\/wp-content\/uploads\/2023\/10\/10.jpg 1600w, https:\/\/clubdeclasesypolicias.com.ec\/wp-content\/uploads\/2023\/10\/10-300x159.jpg 300w, https:\/\/clubdeclasesypolicias.com.ec\/wp-content\/uploads\/2023\/10\/10-1024x541.jpg 1024w, https:\/\/clubdeclasesypolicias.com.ec\/wp-content\/uploads\/2023\/10\/10-768x406.jpg 768w, https:\/\/clubdeclasesypolicias.com.ec\/wp-content\/uploads\/2023\/10\/10-1536x812.jpg 1536w\" sizes=\"(max-width: 1600px) 100vw, 1600px\" \/>\n        <\/div><\/a><div class=\"jkit-post-category position-left\"><span><a href=\"https:\/\/clubdeclasesypolicias.com.ec\/index.php\/category\/noticias\/convenios-noticias\/\" class=\"category-convenios-noticias\">Convenios<\/a><\/span><\/div><\/div>\n                    <div class=\"jkit-postblock-content\"><h3 class=\"jkit-post-title\">\n\t\t\t\t\t\t\t<a href=\"https:\/\/clubdeclasesypolicias.com.ec\/index.php\/convenio-assa\/\">Reapertura de las \u00e1reas h\u00famedas del Complejo Recreacional Los Girasoles<\/a>\n\t\t\t\t\t\t<\/h3><div class=\"jkit-post-meta\"><div class=\"jkit-meta-date icon-position-before\"><i aria-hidden=\"true\" class=\"fas fa-clock\"><\/i>2023-10-03<\/div><\/div><div class=\"jkit-post-excerpt\"><p>El Complejo Recreacional Los Girasoles reabri\u00f3 sus \u00e1reas h\u00famedas tras trabajos de mantenimiento, en beneficio de los socios del...<\/p><\/div><div class=\"jkit-post-meta-bottom\">\n\t\t\t\t\t\t\t<div class=\"jkit-meta-readmore icon-position-after\">\n                <a href=\"https:\/\/clubdeclasesypolicias.com.ec\/index.php\/convenio-assa\/\" class=\"jkit-readmore\">Leer m\u00e1s<i aria-hidden=\"true\" class=\"jki jki-arrow-right-light\"><\/i><\/a>\n            <\/div>\n\t\t\t\t\t\t<\/div><\/div>\n                <\/article><article class=\"jkit-post post-2040 post type-post status-publish format-standard has-post-thumbnail hentry category-carnetizacion category-noticias\">\n                    <div class=\"jkit-thumb\"><a href=\"https:\/\/clubdeclasesypolicias.com.ec\/index.php\/carnetizacion-los-nogales\/\"><div class=\"thumbnail-container \">\n            <img loading=\"lazy\" decoding=\"async\" width=\"1876\" height=\"1056\" src=\"https:\/\/clubdeclasesypolicias.com.ec\/wp-content\/uploads\/2023\/07\/DIRECTORIO-38-ANOS-CCP_imgupscaler.ai_Beta_2K.jpg\" class=\"attachment-full size-full wp-post-image\" alt=\"\" srcset=\"https:\/\/clubdeclasesypolicias.com.ec\/wp-content\/uploads\/2023\/07\/DIRECTORIO-38-ANOS-CCP_imgupscaler.ai_Beta_2K.jpg 1876w, https:\/\/clubdeclasesypolicias.com.ec\/wp-content\/uploads\/2023\/07\/DIRECTORIO-38-ANOS-CCP_imgupscaler.ai_Beta_2K-300x169.jpg 300w, https:\/\/clubdeclasesypolicias.com.ec\/wp-content\/uploads\/2023\/07\/DIRECTORIO-38-ANOS-CCP_imgupscaler.ai_Beta_2K-1024x576.jpg 1024w, https:\/\/clubdeclasesypolicias.com.ec\/wp-content\/uploads\/2023\/07\/DIRECTORIO-38-ANOS-CCP_imgupscaler.ai_Beta_2K-768x432.jpg 768w, https:\/\/clubdeclasesypolicias.com.ec\/wp-content\/uploads\/2023\/07\/DIRECTORIO-38-ANOS-CCP_imgupscaler.ai_Beta_2K-1536x865.jpg 1536w\" sizes=\"(max-width: 1876px) 100vw, 1876px\" \/>\n        <\/div><\/a><div class=\"jkit-post-category position-left\"><span><a href=\"https:\/\/clubdeclasesypolicias.com.ec\/index.php\/category\/noticias\/carnetizacion\/\" class=\"category-carnetizacion\">Carnetizaci\u00f3n<\/a><\/span><\/div><\/div>\n                    <div class=\"jkit-postblock-content\"><h3 class=\"jkit-post-title\">\n\t\t\t\t\t\t\t<a href=\"https:\/\/clubdeclasesypolicias.com.ec\/index.php\/carnetizacion-los-nogales\/\">Club de Clases y Polic\u00edas conmemor\u00f3 38 a\u00f1os de vida institucional con Sesi\u00f3n Solemne oficial<\/a>\n\t\t\t\t\t\t<\/h3><div class=\"jkit-post-meta\"><div class=\"jkit-meta-date icon-position-before\"><i aria-hidden=\"true\" class=\"fas fa-clock\"><\/i>2023-07-20<\/div><\/div><div class=\"jkit-post-excerpt\"><p>El Club de Clases y Polic\u00edas conmemor\u00f3 su 38.\u00ba aniversario con una Sesi\u00f3n Solemne realizada en la Sede Nacional,...<\/p><\/div><div class=\"jkit-post-meta-bottom\">\n\t\t\t\t\t\t\t<div class=\"jkit-meta-readmore icon-position-after\">\n                <a href=\"https:\/\/clubdeclasesypolicias.com.ec\/index.php\/carnetizacion-los-nogales\/\" class=\"jkit-readmore\">Leer m\u00e1s<i aria-hidden=\"true\" class=\"jki jki-arrow-right-light\"><\/i><\/a>\n            <\/div>\n\t\t\t\t\t\t<\/div><\/div>\n                <\/article><article class=\"jkit-post post-2012 post type-post status-publish format-standard has-post-thumbnail hentry category-eventos category-noticias\">\n                    <div class=\"jkit-thumb\"><a href=\"https:\/\/clubdeclasesypolicias.com.ec\/index.php\/subsede-cotopaxi\/\"><div class=\"thumbnail-container \">\n            <img loading=\"lazy\" decoding=\"async\" width=\"1600\" height=\"1204\" src=\"https:\/\/clubdeclasesypolicias.com.ec\/wp-content\/uploads\/2023\/07\/Mantenimiento.jpg\" class=\"attachment-full size-full wp-post-image\" alt=\"\" srcset=\"https:\/\/clubdeclasesypolicias.com.ec\/wp-content\/uploads\/2023\/07\/Mantenimiento.jpg 1600w, https:\/\/clubdeclasesypolicias.com.ec\/wp-content\/uploads\/2023\/07\/Mantenimiento-300x226.jpg 300w, https:\/\/clubdeclasesypolicias.com.ec\/wp-content\/uploads\/2023\/07\/Mantenimiento-1024x771.jpg 1024w, https:\/\/clubdeclasesypolicias.com.ec\/wp-content\/uploads\/2023\/07\/Mantenimiento-768x578.jpg 768w, https:\/\/clubdeclasesypolicias.com.ec\/wp-content\/uploads\/2023\/07\/Mantenimiento-1536x1156.jpg 1536w\" sizes=\"(max-width: 1600px) 100vw, 1600px\" \/>\n        <\/div><\/a><div class=\"jkit-post-category position-left\"><span><a href=\"https:\/\/clubdeclasesypolicias.com.ec\/index.php\/category\/noticias\/eventos\/\" class=\"category-eventos\">Eventos<\/a><\/span><\/div><\/div>\n                    <div class=\"jkit-postblock-content\"><h3 class=\"jkit-post-title\">\n\t\t\t\t\t\t\t<a href=\"https:\/\/clubdeclasesypolicias.com.ec\/index.php\/subsede-cotopaxi\/\">Mejoras y Mantenimientos en Complejos Recreacionales a Nivel Nacional del Club de Clases y Polic\u00edas<\/a>\n\t\t\t\t\t\t<\/h3><div class=\"jkit-post-meta\"><div class=\"jkit-meta-date icon-position-before\"><i aria-hidden=\"true\" class=\"fas fa-clock\"><\/i>2023-07-20<\/div><\/div><div class=\"jkit-post-excerpt\"><p>El Club de Clases y Polic\u00edas ha llevado a cabo una serie de mejoras y mantenimientos en sus complejos...<\/p><\/div><div class=\"jkit-post-meta-bottom\">\n\t\t\t\t\t\t\t<div class=\"jkit-meta-readmore icon-position-after\">\n                <a href=\"https:\/\/clubdeclasesypolicias.com.ec\/index.php\/subsede-cotopaxi\/\" class=\"jkit-readmore\">Leer m\u00e1s<i aria-hidden=\"true\" class=\"jki jki-arrow-right-light\"><\/i><\/a>\n            <\/div>\n\t\t\t\t\t\t<\/div><\/div>\n                <\/article><article class=\"jkit-post post-1899 post type-post status-publish format-standard has-post-thumbnail hentry category-carnetizacion category-noticias\">\n                    <div class=\"jkit-thumb\"><a href=\"https:\/\/clubdeclasesypolicias.com.ec\/index.php\/carnetizacion-en-subsede-cotopaxi\/\"><div class=\"thumbnail-container \">\n            <img loading=\"lazy\" decoding=\"async\" width=\"1600\" height=\"1200\" src=\"https:\/\/clubdeclasesypolicias.com.ec\/wp-content\/uploads\/2023\/07\/AyudasCCP.jpeg\" class=\"attachment-full size-full wp-post-image\" alt=\"\" srcset=\"https:\/\/clubdeclasesypolicias.com.ec\/wp-content\/uploads\/2023\/07\/AyudasCCP.jpeg 1600w, https:\/\/clubdeclasesypolicias.com.ec\/wp-content\/uploads\/2023\/07\/AyudasCCP-300x225.jpeg 300w, https:\/\/clubdeclasesypolicias.com.ec\/wp-content\/uploads\/2023\/07\/AyudasCCP-1024x768.jpeg 1024w, https:\/\/clubdeclasesypolicias.com.ec\/wp-content\/uploads\/2023\/07\/AyudasCCP-768x576.jpeg 768w, https:\/\/clubdeclasesypolicias.com.ec\/wp-content\/uploads\/2023\/07\/AyudasCCP-1536x1152.jpeg 1536w\" sizes=\"(max-width: 1600px) 100vw, 1600px\" \/>\n        <\/div><\/a><div class=\"jkit-post-category position-left\"><span><a href=\"https:\/\/clubdeclasesypolicias.com.ec\/index.php\/category\/noticias\/carnetizacion\/\" class=\"category-carnetizacion\">Carnetizaci\u00f3n<\/a><\/span><\/div><\/div>\n                    <div class=\"jkit-postblock-content\"><h3 class=\"jkit-post-title\">\n\t\t\t\t\t\t\t<a href=\"https:\/\/clubdeclasesypolicias.com.ec\/index.php\/carnetizacion-en-subsede-cotopaxi\/\">Montos econ\u00f3micos y beneficiarios de Ayudas Sociales que brinda el club de clases y polic\u00edas.<\/a>\n\t\t\t\t\t\t<\/h3><div class=\"jkit-post-meta\"><div class=\"jkit-meta-date icon-position-before\"><i aria-hidden=\"true\" class=\"fas fa-clock\"><\/i>2023-07-20<\/div><\/div><div class=\"jkit-post-excerpt\"><p>El Club de Clases y Polic\u00edas demuestra su compromiso inquebrantable con el bienestar de sus miembros al brindar una...<\/p><\/div><div class=\"jkit-post-meta-bottom\">\n\t\t\t\t\t\t\t<div class=\"jkit-meta-readmore icon-position-after\">\n                <a href=\"https:\/\/clubdeclasesypolicias.com.ec\/index.php\/carnetizacion-en-subsede-cotopaxi\/\" class=\"jkit-readmore\">Leer m\u00e1s<i aria-hidden=\"true\" class=\"jki jki-arrow-right-light\"><\/i><\/a>\n            <\/div>\n\t\t\t\t\t\t<\/div><\/div>\n                <\/article>\n        <\/div><\/div><div class=\"jkit-block-pagination jkit-align\"><div class=\"jkit-pagination-button jkit-block-loadmore icon-position-before\"><a href=\"#\" data-load=\"M\u00e1s Noticias\" data-loading=\"Cargando...\">M\u00e1s Noticias<\/a><\/div><\/div><\/div>\t\t<\/div>\n\t\t\t\t<\/div>\n\t\t\t\t\t<\/div>\n\t\t<\/div>\n\t\t\t\t\t\t\t<\/div>\n\t\t<\/section>\n\t\t\t\t\t\t\t<\/div>\n\t\t","protected":false},"excerpt":{"rendered":"<p>Noticias edit post Ayuda Social Menos tiempo en pagos por ayudas 2023-10-04 En un emocionante anuncio que marca un hito en la atenci\u00f3n a las necesidades de sus socios y dependientes,&#8230; Leer m\u00e1s edit post Convenios Nuevo Convenio ASSA 2023-10-03 La provincia de Tungurahua vivi\u00f3 un emocionante y exitoso evento cuando las principales empresas, ASSA, [&hellip;]<\/p>\n","protected":false},"author":2,"featured_media":0,"parent":0,"menu_order":0,"comment_status":"closed","ping_status":"closed","template":"","meta":{"footnotes":""},"_links":{"self":[{"href":"https:\/\/clubdeclasesypolicias.com.ec\/index.php\/wp-json\/wp\/v2\/pages\/4111"}],"collection":[{"href":"https:\/\/clubdeclasesypolicias.com.ec\/index.php\/wp-json\/wp\/v2\/pages"}],"about":[{"href":"https:\/\/clubdeclasesypolicias.com.ec\/index.php\/wp-json\/wp\/v2\/types\/page"}],"author":[{"embeddable":true,"href":"https:\/\/clubdeclasesypolicias.com.ec\/index.php\/wp-json\/wp\/v2\/users\/2"}],"replies":[{"embeddable":true,"href":"https:\/\/clubdeclasesypolicias.com.ec\/index.php\/wp-json\/wp\/v2\/comments?post=4111"}],"version-history":[{"count":16,"href":"https:\/\/clubdeclasesypolicias.com.ec\/index.php\/wp-json\/wp\/v2\/pages\/4111\/revisions"}],"predecessor-version":[{"id":5586,"href":"https:\/\/clubdeclasesypolicias.com.ec\/index.php\/wp-json\/wp\/v2\/pages\/4111\/revisions\/5586"}],"wp:attachment":[{"href":"https:\/\/clubdeclasesypolicias.com.ec\/index.php\/wp-json\/wp\/v2\/media?parent=4111"}],"curies":[{"name":"wp","href":"https:\/\/api.w.org\/{rel}","templated":true}]}}