{"id":1156,"date":"2023-07-17T11:21:10","date_gmt":"2023-07-17T16:21:10","guid":{"rendered":"https:\/\/clubdeclasesypolicias.com.ec\/?page_id=1156"},"modified":"2024-10-30T09:59:49","modified_gmt":"2024-10-30T14:59:49","slug":"ayuda-social","status":"publish","type":"page","link":"https:\/\/clubdeclasesypolicias.com.ec\/index.php\/ayuda-social\/","title":{"rendered":"Ayuda Social"},"content":{"rendered":"\t\t<div data-elementor-type=\"wp-page\" data-elementor-id=\"1156\" class=\"elementor elementor-1156\" data-elementor-post-type=\"page\">\n\t\t\t\t\t\t\t\t\t<section class=\"elementor-section elementor-top-section elementor-element elementor-element-448b86c elementor-section-boxed elementor-section-height-default elementor-section-height-default\" data-id=\"448b86c\" data-element_type=\"section\" data-settings=\"{&quot;background_background&quot;:&quot;classic&quot;}\">\n\t\t\t\t\t\t\t<div class=\"elementor-background-overlay\"><\/div>\n\t\t\t\t\t\t\t<div class=\"elementor-container elementor-column-gap-default\">\n\t\t\t\t\t<div class=\"elementor-column elementor-col-100 elementor-top-column elementor-element elementor-element-c337e01\" data-id=\"c337e01\" data-element_type=\"column\">\n\t\t\t<div class=\"elementor-widget-wrap elementor-element-populated\">\n\t\t\t\t\t\t\t\t<div class=\"elementor-element elementor-element-44b5b38 elementor-invisible elementor-widget elementor-widget-jkit_heading\" data-id=\"44b5b38\" data-element_type=\"widget\" data-settings=\"{&quot;_animation&quot;:&quot;fadeIn&quot;}\" data-widget_type=\"jkit_heading.default\">\n\t\t\t\t<div class=\"elementor-widget-container\">\n\t\t\t<div  class=\"jeg-elementor-kit jkit-heading  align-center align-tablet- align-mobile- jeg_module___69fdd315e4f38\" ><div class=\"heading-section-title  display-inline-block\"><h2 class=\"heading-title\">Ayuda Social<\/h2><\/div><\/div>\t\t<\/div>\n\t\t\t\t<\/div>\n\t\t\t\t\t<\/div>\n\t\t<\/div>\n\t\t\t\t\t\t\t<\/div>\n\t\t<\/section>\n\t\t\t\t<section class=\"elementor-section elementor-top-section elementor-element elementor-element-f15b320 elementor-section-boxed elementor-section-height-default elementor-section-height-default\" data-id=\"f15b320\" data-element_type=\"section\" data-settings=\"{&quot;background_background&quot;:&quot;classic&quot;}\">\n\t\t\t\t\t\t\t<div class=\"elementor-background-overlay\"><\/div>\n\t\t\t\t\t\t\t<div class=\"elementor-container elementor-column-gap-default\">\n\t\t\t\t\t<div class=\"elementor-column elementor-col-100 elementor-top-column elementor-element elementor-element-95c0dba\" data-id=\"95c0dba\" data-element_type=\"column\">\n\t\t\t<div class=\"elementor-widget-wrap elementor-element-populated\">\n\t\t\t\t\t\t\t\t<div class=\"elementor-element elementor-element-145500e elementor-widget elementor-widget-text-editor\" data-id=\"145500e\" data-element_type=\"widget\" data-widget_type=\"text-editor.default\">\n\t\t\t\t<div class=\"elementor-widget-container\">\n\t\t\t<style>\/*! elementor - v3.18.0 - 20-12-2023 *\/\n.elementor-widget-text-editor.elementor-drop-cap-view-stacked .elementor-drop-cap{background-color:#69727d;color:#fff}.elementor-widget-text-editor.elementor-drop-cap-view-framed .elementor-drop-cap{color:#69727d;border:3px solid;background-color:transparent}.elementor-widget-text-editor:not(.elementor-drop-cap-view-default) .elementor-drop-cap{margin-top:8px}.elementor-widget-text-editor:not(.elementor-drop-cap-view-default) .elementor-drop-cap-letter{width:1em;height:1em}.elementor-widget-text-editor .elementor-drop-cap{float:left;text-align:center;line-height:1;font-size:50px}.elementor-widget-text-editor .elementor-drop-cap-letter{display:inline-block}<\/style>\t\t\t\t<p style=\"text-align: justify;\">En el Club Clases y Polic\u00edas procuramos cuidar de nuestros socios ofreciendo distintos tipos de ayudas para ti y tu familia.<\/p>\t\t\t\t\t\t<\/div>\n\t\t\t\t<\/div>\n\t\t\t\t\t<\/div>\n\t\t<\/div>\n\t\t\t\t\t\t\t<\/div>\n\t\t<\/section>\n\t\t\t\t<section class=\"elementor-section elementor-top-section elementor-element elementor-element-8d52900 elementor-section-boxed elementor-section-height-default elementor-section-height-default\" data-id=\"8d52900\" data-element_type=\"section\">\n\t\t\t\t\t\t<div class=\"elementor-container elementor-column-gap-default\">\n\t\t\t\t\t<div class=\"elementor-column elementor-col-100 elementor-top-column elementor-element elementor-element-56d2588 elementor-invisible\" data-id=\"56d2588\" data-element_type=\"column\" data-settings=\"{&quot;animation&quot;:&quot;fadeInUp&quot;}\">\n\t\t\t<div class=\"elementor-widget-wrap elementor-element-populated\">\n\t\t\t\t\t\t\t\t<div class=\"elementor-element elementor-element-9719ae9 elementor-grid-2 elementor-grid-tablet-2 elementor-grid-mobile-1 elementor-posts--thumbnail-top elementor-card-shadow-yes elementor-posts__hover-gradient elementor-widget elementor-widget-posts\" data-id=\"9719ae9\" data-element_type=\"widget\" data-settings=\"{&quot;cards_columns&quot;:&quot;2&quot;,&quot;pagination_type&quot;:&quot;load_more_infinite_scroll&quot;,&quot;cards_columns_tablet&quot;:&quot;2&quot;,&quot;cards_columns_mobile&quot;:&quot;1&quot;,&quot;cards_row_gap&quot;:{&quot;unit&quot;:&quot;px&quot;,&quot;size&quot;:35,&quot;sizes&quot;:[]},&quot;cards_row_gap_tablet&quot;:{&quot;unit&quot;:&quot;px&quot;,&quot;size&quot;:&quot;&quot;,&quot;sizes&quot;:[]},&quot;cards_row_gap_mobile_extra&quot;:{&quot;unit&quot;:&quot;px&quot;,&quot;size&quot;:&quot;&quot;,&quot;sizes&quot;:[]},&quot;cards_row_gap_mobile&quot;:{&quot;unit&quot;:&quot;px&quot;,&quot;size&quot;:&quot;&quot;,&quot;sizes&quot;:[]},&quot;load_more_spinner&quot;:{&quot;value&quot;:&quot;fas fa-spinner&quot;,&quot;library&quot;:&quot;fa-solid&quot;}}\" data-widget_type=\"posts.cards\">\n\t\t\t\t<div class=\"elementor-widget-container\">\n\t\t\t<link rel=\"stylesheet\" href=\"https:\/\/clubdeclasesypolicias.com.ec\/wp-content\/plugins\/pro-elements\/assets\/css\/widget-posts.min.css\">\t\t<div class=\"elementor-posts-container elementor-posts elementor-posts--skin-cards elementor-grid\">\n\t\t\t\t<article class=\"elementor-post elementor-grid-item post-5218 post type-post status-publish format-standard has-post-thumbnail hentry category-tipos-de-ayudas\">\n\t\t\t<div class=\"elementor-post__card\">\n\t\t\t\t<a class=\"elementor-post__thumbnail__link\" href=\"https:\/\/clubdeclasesypolicias.com.ec\/index.php\/ayuda-por-desastres-especificos\/\" tabindex=\"-1\" target=\"_blank\"><div class=\"elementor-post__thumbnail\"><img fetchpriority=\"high\" decoding=\"async\" width=\"768\" height=\"462\" src=\"https:\/\/clubdeclasesypolicias.com.ec\/wp-content\/uploads\/2023\/10\/inundacion-768x462.jpeg\" class=\"attachment-medium_large size-medium_large wp-image-5492\" alt=\"\" srcset=\"https:\/\/clubdeclasesypolicias.com.ec\/wp-content\/uploads\/2023\/10\/inundacion-768x462.jpeg 768w, https:\/\/clubdeclasesypolicias.com.ec\/wp-content\/uploads\/2023\/10\/inundacion-300x181.jpeg 300w, https:\/\/clubdeclasesypolicias.com.ec\/wp-content\/uploads\/2023\/10\/inundacion-1024x616.jpeg 1024w, https:\/\/clubdeclasesypolicias.com.ec\/wp-content\/uploads\/2023\/10\/inundacion.jpeg 1170w\" sizes=\"(max-width: 768px) 100vw, 768px\" \/><\/div><\/a>\n\t\t\t\t<div class=\"elementor-post__text\">\n\t\t\t\t<h3 class=\"elementor-post__title\">\n\t\t\t<a href=\"https:\/\/clubdeclasesypolicias.com.ec\/index.php\/ayuda-por-desastres-especificos\/\" target=&quot;_blank&quot;>\n\t\t\t\tAyuda por Desastres Espec\u00edficos\t\t\t<\/a>\n\t\t<\/h3>\n\t\t\t\t<div class=\"elementor-post__excerpt\">\n\t\t\t<p>Ayuda Econ\u00f3mica en Casos de Desastres: Estamos Aqu\u00ed en los Momentos de Crisis<\/p>\n\t\t<\/div>\n\t\t\n\t\t<a class=\"elementor-post__read-more\" href=\"https:\/\/clubdeclasesypolicias.com.ec\/index.php\/ayuda-por-desastres-especificos\/\" aria-label=\"Read more about Ayuda por Desastres Espec\u00edficos\" tabindex=\"-1\" target=\"_blank\">\n\t\t\tm\u00e1s informaci\u00f3n \u00bb\t\t<\/a>\n\n\t\t\t\t<\/div>\n\t\t\t\t\t<\/div>\n\t\t<\/article>\n\t\t\t\t<article class=\"elementor-post elementor-grid-item post-2190 post type-post status-publish format-standard has-post-thumbnail hentry category-tipos-de-ayudas\">\n\t\t\t<div class=\"elementor-post__card\">\n\t\t\t\t<a class=\"elementor-post__thumbnail__link\" href=\"https:\/\/clubdeclasesypolicias.com.ec\/index.php\/maternidad-o-paternidad\/\" tabindex=\"-1\" target=\"_blank\"><div class=\"elementor-post__thumbnail\"><img decoding=\"async\" width=\"768\" height=\"512\" src=\"https:\/\/clubdeclasesypolicias.com.ec\/wp-content\/uploads\/2023\/07\/maternidad-paternidad_quiero-ser-madre-padre-768x512.jpg\" class=\"attachment-medium_large size-medium_large wp-image-2195\" alt=\"\" srcset=\"https:\/\/clubdeclasesypolicias.com.ec\/wp-content\/uploads\/2023\/07\/maternidad-paternidad_quiero-ser-madre-padre-768x512.jpg 768w, https:\/\/clubdeclasesypolicias.com.ec\/wp-content\/uploads\/2023\/07\/maternidad-paternidad_quiero-ser-madre-padre-300x200.jpg 300w, https:\/\/clubdeclasesypolicias.com.ec\/wp-content\/uploads\/2023\/07\/maternidad-paternidad_quiero-ser-madre-padre-1024x683.jpg 1024w, https:\/\/clubdeclasesypolicias.com.ec\/wp-content\/uploads\/2023\/07\/maternidad-paternidad_quiero-ser-madre-padre-1536x1025.jpg 1536w, https:\/\/clubdeclasesypolicias.com.ec\/wp-content\/uploads\/2023\/07\/maternidad-paternidad_quiero-ser-madre-padre-2048x1367.jpg 2048w\" sizes=\"(max-width: 768px) 100vw, 768px\" \/><\/div><\/a>\n\t\t\t\t<div class=\"elementor-post__text\">\n\t\t\t\t<h3 class=\"elementor-post__title\">\n\t\t\t<a href=\"https:\/\/clubdeclasesypolicias.com.ec\/index.php\/maternidad-o-paternidad\/\" target=&quot;_blank&quot;>\n\t\t\t\tMaternidad o Paternidad\t\t\t<\/a>\n\t\t<\/h3>\n\t\t\t\t<div class=\"elementor-post__excerpt\">\n\t\t\t<p>Como socio, Obt\u00e9n Beneficios que te ayudaran a ti y a tu pareja en la llegada del nuevo miembro.<\/p>\n\t\t<\/div>\n\t\t\n\t\t<a class=\"elementor-post__read-more\" href=\"https:\/\/clubdeclasesypolicias.com.ec\/index.php\/maternidad-o-paternidad\/\" aria-label=\"Read more about Maternidad o Paternidad\" tabindex=\"-1\" target=\"_blank\">\n\t\t\tm\u00e1s informaci\u00f3n \u00bb\t\t<\/a>\n\n\t\t\t\t<\/div>\n\t\t\t\t\t<\/div>\n\t\t<\/article>\n\t\t\t\t<article class=\"elementor-post elementor-grid-item post-2173 post type-post status-publish format-standard has-post-thumbnail hentry category-tipos-de-ayudas\">\n\t\t\t<div class=\"elementor-post__card\">\n\t\t\t\t<a class=\"elementor-post__thumbnail__link\" href=\"https:\/\/clubdeclasesypolicias.com.ec\/index.php\/exequial-o-fallecimiento\/\" tabindex=\"-1\" target=\"_blank\"><div class=\"elementor-post__thumbnail\"><img decoding=\"async\" width=\"768\" height=\"512\" src=\"https:\/\/clubdeclasesypolicias.com.ec\/wp-content\/uploads\/2023\/07\/pexels-cottonbro-studio-10485636-768x512.jpg\" class=\"attachment-medium_large size-medium_large wp-image-1170\" alt=\"\" srcset=\"https:\/\/clubdeclasesypolicias.com.ec\/wp-content\/uploads\/2023\/07\/pexels-cottonbro-studio-10485636-768x512.jpg 768w, https:\/\/clubdeclasesypolicias.com.ec\/wp-content\/uploads\/2023\/07\/pexels-cottonbro-studio-10485636-300x200.jpg 300w, https:\/\/clubdeclasesypolicias.com.ec\/wp-content\/uploads\/2023\/07\/pexels-cottonbro-studio-10485636-1024x683.jpg 1024w, https:\/\/clubdeclasesypolicias.com.ec\/wp-content\/uploads\/2023\/07\/pexels-cottonbro-studio-10485636-1536x1024.jpg 1536w, https:\/\/clubdeclasesypolicias.com.ec\/wp-content\/uploads\/2023\/07\/pexels-cottonbro-studio-10485636-2048x1365.jpg 2048w\" sizes=\"(max-width: 768px) 100vw, 768px\" \/><\/div><\/a>\n\t\t\t\t<div class=\"elementor-post__text\">\n\t\t\t\t<h3 class=\"elementor-post__title\">\n\t\t\t<a href=\"https:\/\/clubdeclasesypolicias.com.ec\/index.php\/exequial-o-fallecimiento\/\" target=&quot;_blank&quot;>\n\t\t\t\tExequial o Fallecimiento\t\t\t<\/a>\n\t\t<\/h3>\n\t\t\t\t<div class=\"elementor-post__excerpt\">\n\t\t\t<p>Para despedir a los tuyos de la forma m\u00e1s respetuosa y conmemorable, el Club de Clases y Polic\u00edas Ofrece distintos beneficios para ayudarte a sobrellevar esta dura situaci\u00f3n.<\/p>\n\t\t<\/div>\n\t\t\n\t\t<a class=\"elementor-post__read-more\" href=\"https:\/\/clubdeclasesypolicias.com.ec\/index.php\/exequial-o-fallecimiento\/\" aria-label=\"Read more about Exequial o Fallecimiento\" tabindex=\"-1\" target=\"_blank\">\n\t\t\tm\u00e1s informaci\u00f3n \u00bb\t\t<\/a>\n\n\t\t\t\t<\/div>\n\t\t\t\t\t<\/div>\n\t\t<\/article>\n\t\t\t\t<article class=\"elementor-post elementor-grid-item post-2152 post type-post status-publish format-standard has-post-thumbnail hentry category-tipos-de-ayudas\">\n\t\t\t<div class=\"elementor-post__card\">\n\t\t\t\t<a class=\"elementor-post__thumbnail__link\" href=\"https:\/\/clubdeclasesypolicias.com.ec\/index.php\/por-protesis-no-estetica\/\" tabindex=\"-1\" target=\"_blank\"><div class=\"elementor-post__thumbnail\"><img loading=\"lazy\" decoding=\"async\" width=\"768\" height=\"512\" src=\"https:\/\/clubdeclasesypolicias.com.ec\/wp-content\/uploads\/2023\/07\/pexels-mart-production-8437063-768x512.jpg\" class=\"attachment-medium_large size-medium_large wp-image-1169\" alt=\"\" srcset=\"https:\/\/clubdeclasesypolicias.com.ec\/wp-content\/uploads\/2023\/07\/pexels-mart-production-8437063-768x512.jpg 768w, https:\/\/clubdeclasesypolicias.com.ec\/wp-content\/uploads\/2023\/07\/pexels-mart-production-8437063-300x200.jpg 300w, https:\/\/clubdeclasesypolicias.com.ec\/wp-content\/uploads\/2023\/07\/pexels-mart-production-8437063-1024x683.jpg 1024w, https:\/\/clubdeclasesypolicias.com.ec\/wp-content\/uploads\/2023\/07\/pexels-mart-production-8437063-1536x1024.jpg 1536w, https:\/\/clubdeclasesypolicias.com.ec\/wp-content\/uploads\/2023\/07\/pexels-mart-production-8437063-2048x1365.jpg 2048w\" sizes=\"(max-width: 768px) 100vw, 768px\" \/><\/div><\/a>\n\t\t\t\t<div class=\"elementor-post__text\">\n\t\t\t\t<h3 class=\"elementor-post__title\">\n\t\t\t<a href=\"https:\/\/clubdeclasesypolicias.com.ec\/index.php\/por-protesis-no-estetica\/\" target=&quot;_blank&quot;>\n\t\t\t\tPor Pr\u00f3tesis (No Est\u00e9tica)\t\t\t<\/a>\n\t\t<\/h3>\n\t\t\t\t<div class=\"elementor-post__excerpt\">\n\t\t\t<p>Para llevar una vida mejor, el Club de Clases y Polic\u00edas ayuda a sus socios con beneficios para pr\u00f3tesis no est\u00e9ticas.<\/p>\n\t\t<\/div>\n\t\t\n\t\t<a class=\"elementor-post__read-more\" href=\"https:\/\/clubdeclasesypolicias.com.ec\/index.php\/por-protesis-no-estetica\/\" aria-label=\"Read more about Por Pr\u00f3tesis (No Est\u00e9tica)\" tabindex=\"-1\" target=\"_blank\">\n\t\t\tm\u00e1s informaci\u00f3n \u00bb\t\t<\/a>\n\n\t\t\t\t<\/div>\n\t\t\t\t\t<\/div>\n\t\t<\/article>\n\t\t\t\t<article class=\"elementor-post elementor-grid-item post-2137 post type-post status-publish format-standard has-post-thumbnail hentry category-tipos-de-ayudas\">\n\t\t\t<div class=\"elementor-post__card\">\n\t\t\t\t<a class=\"elementor-post__thumbnail__link\" href=\"https:\/\/clubdeclasesypolicias.com.ec\/index.php\/por-discapacidad\/\" tabindex=\"-1\" target=\"_blank\"><div class=\"elementor-post__thumbnail\"><img loading=\"lazy\" decoding=\"async\" width=\"768\" height=\"432\" src=\"https:\/\/clubdeclasesypolicias.com.ec\/wp-content\/uploads\/2023\/07\/Consejos-para-educar-a-un-nino-con-discapacidad-visual-768x432.jpg\" class=\"attachment-medium_large size-medium_large wp-image-2145\" alt=\"\" srcset=\"https:\/\/clubdeclasesypolicias.com.ec\/wp-content\/uploads\/2023\/07\/Consejos-para-educar-a-un-nino-con-discapacidad-visual-768x432.jpg 768w, https:\/\/clubdeclasesypolicias.com.ec\/wp-content\/uploads\/2023\/07\/Consejos-para-educar-a-un-nino-con-discapacidad-visual-300x169.jpg 300w, https:\/\/clubdeclasesypolicias.com.ec\/wp-content\/uploads\/2023\/07\/Consejos-para-educar-a-un-nino-con-discapacidad-visual-1024x576.jpg 1024w, https:\/\/clubdeclasesypolicias.com.ec\/wp-content\/uploads\/2023\/07\/Consejos-para-educar-a-un-nino-con-discapacidad-visual.jpg 1280w\" sizes=\"(max-width: 768px) 100vw, 768px\" \/><\/div><\/a>\n\t\t\t\t<div class=\"elementor-post__text\">\n\t\t\t\t<h3 class=\"elementor-post__title\">\n\t\t\t<a href=\"https:\/\/clubdeclasesypolicias.com.ec\/index.php\/por-discapacidad\/\" target=&quot;_blank&quot;>\n\t\t\t\tPor Discapacidad\t\t\t<\/a>\n\t\t<\/h3>\n\t\t\t\t<div class=\"elementor-post__excerpt\">\n\t\t\t<p>En el Club de Clases y Polic\u00edas ayudamos a hacer m\u00e1s c\u00f3moda tu vida a sus socios Beneficios en caso de que t\u00fa o tu familia posean una Discapacidad.<\/p>\n\t\t<\/div>\n\t\t\n\t\t<a class=\"elementor-post__read-more\" href=\"https:\/\/clubdeclasesypolicias.com.ec\/index.php\/por-discapacidad\/\" aria-label=\"Read more about Por Discapacidad\" tabindex=\"-1\" target=\"_blank\">\n\t\t\tm\u00e1s informaci\u00f3n \u00bb\t\t<\/a>\n\n\t\t\t\t<\/div>\n\t\t\t\t\t<\/div>\n\t\t<\/article>\n\t\t\t\t<article class=\"elementor-post elementor-grid-item post-2110 post type-post status-publish format-standard has-post-thumbnail hentry category-tipos-de-ayudas\">\n\t\t\t<div class=\"elementor-post__card\">\n\t\t\t\t<a class=\"elementor-post__thumbnail__link\" href=\"https:\/\/clubdeclasesypolicias.com.ec\/index.php\/por-cirugias-de-emergencia\/\" tabindex=\"-1\" target=\"_blank\"><div class=\"elementor-post__thumbnail\"><img loading=\"lazy\" decoding=\"async\" width=\"768\" height=\"512\" src=\"https:\/\/clubdeclasesypolicias.com.ec\/wp-content\/uploads\/2023\/07\/sala-hospital-emergencia-operacion-sala-cirugia-atencion-medica-moderna_116317-21134-768x512.webp\" class=\"attachment-medium_large size-medium_large wp-image-2121\" alt=\"\" srcset=\"https:\/\/clubdeclasesypolicias.com.ec\/wp-content\/uploads\/2023\/07\/sala-hospital-emergencia-operacion-sala-cirugia-atencion-medica-moderna_116317-21134-768x512.webp 768w, https:\/\/clubdeclasesypolicias.com.ec\/wp-content\/uploads\/2023\/07\/sala-hospital-emergencia-operacion-sala-cirugia-atencion-medica-moderna_116317-21134-300x200.webp 300w, https:\/\/clubdeclasesypolicias.com.ec\/wp-content\/uploads\/2023\/07\/sala-hospital-emergencia-operacion-sala-cirugia-atencion-medica-moderna_116317-21134-1024x682.webp 1024w, https:\/\/clubdeclasesypolicias.com.ec\/wp-content\/uploads\/2023\/07\/sala-hospital-emergencia-operacion-sala-cirugia-atencion-medica-moderna_116317-21134-1536x1024.webp 1536w, https:\/\/clubdeclasesypolicias.com.ec\/wp-content\/uploads\/2023\/07\/sala-hospital-emergencia-operacion-sala-cirugia-atencion-medica-moderna_116317-21134.webp 2000w\" sizes=\"(max-width: 768px) 100vw, 768px\" \/><\/div><\/a>\n\t\t\t\t<div class=\"elementor-post__text\">\n\t\t\t\t<h3 class=\"elementor-post__title\">\n\t\t\t<a href=\"https:\/\/clubdeclasesypolicias.com.ec\/index.php\/por-cirugias-de-emergencia\/\" target=&quot;_blank&quot;>\n\t\t\t\tPor Cirug\u00edas de Emergencia\t\t\t<\/a>\n\t\t<\/h3>\n\t\t\t\t<div class=\"elementor-post__excerpt\">\n\t\t\t<p>En casos de Emergencia, siempre puedes contar con El Club de Clases y Polic\u00edas, ya que ofrece a sus socios ayuda y beneficios en caso de requerir una Cirug\u00eda de Emergencia.<\/p>\n\t\t<\/div>\n\t\t\n\t\t<a class=\"elementor-post__read-more\" href=\"https:\/\/clubdeclasesypolicias.com.ec\/index.php\/por-cirugias-de-emergencia\/\" aria-label=\"Read more about Por Cirug\u00edas de Emergencia\" tabindex=\"-1\" target=\"_blank\">\n\t\t\tm\u00e1s informaci\u00f3n \u00bb\t\t<\/a>\n\n\t\t\t\t<\/div>\n\t\t\t\t\t<\/div>\n\t\t<\/article>\n\t\t\t\t<\/div>\n\t\t\t\t\t<span class=\"e-load-more-spinner\">\n\t\t\t\t<i aria-hidden=\"true\" class=\"fas fa-spinner\"><\/i>\t\t\t<\/span>\n\t\t\n\t\t\t\t<div class=\"e-load-more-anchor\" data-page=\"1\" data-max-page=\"2\" data-next-page=\"https:\/\/clubdeclasesypolicias.com.ec\/index.php\/wp-json\/wp\/v2\/pages\/1156\/page\/2\/\"><\/div>\n\t\t\t\t<div class=\"e-load-more-message\"><\/div>\n\t\t\t\t<\/div>\n\t\t\t\t<\/div>\n\t\t\t\t\t<\/div>\n\t\t<\/div>\n\t\t\t\t\t\t\t<\/div>\n\t\t<\/section>\n\t\t\t\t\t\t\t<\/div>\n\t\t","protected":false},"excerpt":{"rendered":"<p>Ayuda Social En el Club Clases y Polic\u00edas procuramos cuidar de nuestros socios ofreciendo distintos tipos de ayudas para ti y tu familia.<\/p>\n","protected":false},"author":2,"featured_media":988,"parent":0,"menu_order":0,"comment_status":"closed","ping_status":"closed","template":"","meta":{"footnotes":""},"_links":{"self":[{"href":"https:\/\/clubdeclasesypolicias.com.ec\/index.php\/wp-json\/wp\/v2\/pages\/1156"}],"collection":[{"href":"https:\/\/clubdeclasesypolicias.com.ec\/index.php\/wp-json\/wp\/v2\/pages"}],"about":[{"href":"https:\/\/clubdeclasesypolicias.com.ec\/index.php\/wp-json\/wp\/v2\/types\/page"}],"author":[{"embeddable":true,"href":"https:\/\/clubdeclasesypolicias.com.ec\/index.php\/wp-json\/wp\/v2\/users\/2"}],"replies":[{"embeddable":true,"href":"https:\/\/clubdeclasesypolicias.com.ec\/index.php\/wp-json\/wp\/v2\/comments?post=1156"}],"version-history":[{"count":77,"href":"https:\/\/clubdeclasesypolicias.com.ec\/index.php\/wp-json\/wp\/v2\/pages\/1156\/revisions"}],"predecessor-version":[{"id":4893,"href":"https:\/\/clubdeclasesypolicias.com.ec\/index.php\/wp-json\/wp\/v2\/pages\/1156\/revisions\/4893"}],"wp:featuredmedia":[{"embeddable":true,"href":"https:\/\/clubdeclasesypolicias.com.ec\/index.php\/wp-json\/wp\/v2\/media\/988"}],"wp:attachment":[{"href":"https:\/\/clubdeclasesypolicias.com.ec\/index.php\/wp-json\/wp\/v2\/media?parent=1156"}],"curies":[{"name":"wp","href":"https:\/\/api.w.org\/{rel}","templated":true}]}}